{"id":10,"date":"2024-07-04T08:06:51","date_gmt":"2024-07-04T08:06:51","guid":{"rendered":"http:\/\/www.yunustravelshop.com\/?page_id=10"},"modified":"2024-07-19T22:25:06","modified_gmt":"2024-07-19T22:25:06","slug":"hakkimizda","status":"publish","type":"page","link":"https:\/\/www.yunustravelshop.com\/?page_id=10","title":{"rendered":"Hakk\u0131m\u0131zda"},"content":{"rendered":"\n<div class=\"wp-block-cover alignfull is-light\" style=\"min-height:293px;aspect-ratio:unset;\"><span aria-hidden=\"true\" class=\"wp-block-cover__background has-accent-5-background-color has-background-dim-80 has-background-dim\"><\/span><div class=\"wp-block-cover__inner-container is-layout-flow wp-block-cover-is-layout-flow\">\n<figure class=\"wp-block-image aligncenter size-full is-style-rounded is-style-rounded--1\"><img loading=\"lazy\" decoding=\"async\" width=\"1015\" height=\"306\" src=\"https:\/\/www.yunustravelshop.com\/wp-content\/uploads\/2024\/07\/kapak-iletisim4.jpg\" alt=\"\" class=\"wp-image-119\" srcset=\"https:\/\/www.yunustravelshop.com\/wp-content\/uploads\/2024\/07\/kapak-iletisim4.jpg 1015w, https:\/\/www.yunustravelshop.com\/wp-content\/uploads\/2024\/07\/kapak-iletisim4-300x90.jpg 300w, https:\/\/www.yunustravelshop.com\/wp-content\/uploads\/2024\/07\/kapak-iletisim4-768x232.jpg 768w\" sizes=\"auto, (max-width: 1015px) 100vw, 1015px\" \/><\/figure>\n<\/div><\/div>\n\n\n\n<p>Biz kimiz?<\/p>\n\n\n\n<p>2023 y\u0131l\u0131n\u0131n Nisan ay\u0131nda transfer ve tur hizmeti vermek amac\u0131yla kurulmu\u015f olan Yunus Travelshop A.\u015e. firmas\u0131y\u0131z.<\/p>\n\n\n\n<p>Bu i\u015fi nas\u0131l yap\u0131yoruz?<br><br>VIP Transfer hizmetimiz, l\u00fcks ara\u00e7lar, i\u00e7ecek ve su ikram\u0131, usb \u015farj \u00fcnitesi, Wi-Fi eri\u015fimi, bebek koltu\u011fu, z\u0131rhl\u0131 ara\u00e7, ara b\u00f6lme(\u015fof\u00f6r ve yolcu aras\u0131ndaki kapal\u0131 b\u00f6l\u00fcm) konforlu koltuklar ve ingilizce bilen \u015fof\u00f6r hizmetini i\u00e7ermektedir.<br>Farkl\u0131 ara\u00e7 tiplerimiz, tek ki\u015fiden b\u00fcy\u00fck gruplara kadar de\u011fi\u015fen yolcu kapasitesine sahiptir.<\/p>\n\n\n\n<p>VIP Transfer \u00fccretleri, havaliman\u0131, mesafe ve ara\u00e7 tipine ba\u011fl\u0131 olarak de\u011fi\u015febilir. Kesin \u00fccret bilgisi i\u00e7in rezervasyon yaparken veya \u00e7a\u011fr\u0131 numaram\u0131z\u0131 arayarak bilgi alabilirsiniz.<\/p>\n\n\n\n<p>Bizi rakiplerimizden ay\u0131ran fark\u0131m\u0131z nedir?<\/p>\n\n\n\n<p>T\u00fcrkiye&#8217;de Ankara, \u0130stanbul, \u0130zmir, Antalya, Mu\u011fla-Milas havaliman\u0131 ve Dalaman havaliman\u0131nda 24 saat aktif olarak transfer hizmeti vermekteyiz.<\/p>\n\n\n\n<p>Vizyonumuz<\/p>\n\n\n\n<p>Misafirlerimize kaliteli hizmet sa\u011flad\u0131\u011f\u0131m\u0131z t\u00fcm alanlarda itibarl\u0131 olmak.<\/p>\n\n\n\n<p>Misyonumuz<\/p>\n\n\n\n<p>Bodrum yar\u0131madas\u0131nda ve t\u00fcm illerimizde en iyi bilinen lider marka haline gelmek.<\/p>\n","protected":false},"excerpt":{"rendered":"<p>Biz kimiz? 2023 y\u0131l\u0131n\u0131n Nisan ay\u0131nda transfer ve tur hizmeti vermek amac\u0131yla kurulmu\u015f olan Yunus Travelshop A.\u015e. firmas\u0131y\u0131z. Bu i\u015fi nas\u0131l yap\u0131yoruz? VIP Transfer hizmetimiz, l\u00fcks ara\u00e7lar, i\u00e7ecek ve su ikram\u0131, usb \u015farj \u00fcnitesi, Wi-Fi eri\u015fimi, bebek koltu\u011fu, z\u0131rhl\u0131 ara\u00e7, ara b\u00f6lme(\u015fof\u00f6r ve yolcu aras\u0131ndaki kapal\u0131 b\u00f6l\u00fcm) konforlu koltuklar ve ingilizce bilen \u015fof\u00f6r hizmetini i\u00e7ermektedir.Farkl\u0131 [&hellip;]<\/p>\n","protected":false},"author":1,"featured_media":0,"parent":0,"menu_order":0,"comment_status":"closed","ping_status":"closed","template":"","meta":{"_joinchat":[],"footnotes":""},"class_list":["post-10","page","type-page","status-publish","hentry"],"_links":{"self":[{"href":"https:\/\/www.yunustravelshop.com\/index.php?rest_route=\/wp\/v2\/pages\/10","targetHints":{"allow":["GET"]}}],"collection":[{"href":"https:\/\/www.yunustravelshop.com\/index.php?rest_route=\/wp\/v2\/pages"}],"about":[{"href":"https:\/\/www.yunustravelshop.com\/index.php?rest_route=\/wp\/v2\/types\/page"}],"author":[{"embeddable":true,"href":"https:\/\/www.yunustravelshop.com\/index.php?rest_route=\/wp\/v2\/users\/1"}],"replies":[{"embeddable":true,"href":"https:\/\/www.yunustravelshop.com\/index.php?rest_route=%2Fwp%2Fv2%2Fcomments&post=10"}],"version-history":[{"count":19,"href":"https:\/\/www.yunustravelshop.com\/index.php?rest_route=\/wp\/v2\/pages\/10\/revisions"}],"predecessor-version":[{"id":127,"href":"https:\/\/www.yunustravelshop.com\/index.php?rest_route=\/wp\/v2\/pages\/10\/revisions\/127"}],"wp:attachment":[{"href":"https:\/\/www.yunustravelshop.com\/index.php?rest_route=%2Fwp%2Fv2%2Fmedia&parent=10"}],"curies":[{"name":"wp","href":"https:\/\/api.w.org\/{rel}","templated":true}]}}